alculate the highest common factor of 1925 and 550.
275
Calculate the highest common divisor of 28 and 112.
28
Calculate the highest common divisor of 9984 and 260.
52
What is the greatest common divisor of 76 and 5909?
19
Calculate the highest common divisor of 3523 and 13.
13
What is the greatest common divisor of 15 and 504?
3
What is the greatest common factor of 1738 and 22?
22
What is the highest common factor of 17 and 41?
1
Calculate the highest common factor of 432 and 1404.
108
What is the highest common divisor of 104 and 1014?
26
What is the highest common divisor of 15 and 199?
1
Calculate the greatest common factor of 595 and 140.
35
Calculate the highest common factor of 4959 and 58.
29
What is the greatest common factor of 136 and 1836?
68
What is the greatest common factor of 455 and 559?
13
Calculate the greatest common factor of 240 and 744.
24
Calculate the greatest common divisor of 23769 and 417.
417
What is the greatest common divisor of 144 and 792?
72
Calculate the highest common divisor of 13 and 416.
13
Calculate the greatest common divisor of 456 and 9462.
114
Calculate the highest common factor of 483 and 42.
21
Calculate the greatest common factor of 3 and 167.
1
Calculate the highest common factor of 364 and 7826.
182
What is the greatest common factor of 90 and 225?
45
Calculate the highest common divisor of 75 and 200.
25
Calculate the highest common divisor of 2499 and 441.
147
Calculate the highest common factor of 49 and 14.
7
What is the highest common factor of 344 and 200?
8
Calculate the greatest common factor of 445 and 10.
5
Calculate the greatest common factor of 160 and 28.
4
Calculate the greatest common factor of 18 and 3447.
9
What is the highest common divisor of 16698 and 138?
138
What is the greatest common divisor of 1940 and 20?
20
Calculate the highest common factor of 30 and 6690.
30
Calculate the greatest common factor of 2635 and 340.
85
What is the greatest common factor of 978 and 42?
6
Calculate the greatest common divisor of 12 and 436.
4
Calculate the greatest common divisor of 3172 and 2444.
52
What is the greatest common divisor of 12901 and 14?
7
What is the greatest common factor of 156 and 858?
78
Calculate the highest common factor of 1472 and 598.
46
What is the greatest common factor of 39 and 10205?
13
What is the greatest common factor of 116 and 406?
58
What is the highest common factor of 728 and 5?
1
What is the greatest common divisor of 1781 and 274?
137
Calculate the greatest common factor of 80 and 32.
16
Calculate the greatest common factor of 8 and 54.
2
Calculate the greatest common divisor of 5904 and 82.
82
Calculate the highest common factor of 15 and 3840.
15
What is the greatest common factor of 714 and 204?
102
What is the greatest common divisor of 60 and 780?
60
What is the highest common divisor of 609 and 3219?
87
What is the highest common divisor of 81 and 15471?
81
Calculate the highest common factor of 30 and 20190.
30
Calculate the greatest common divisor of 4665 and 75.
15
What is the highest common factor of 9158 and 152?
38
What is the greatest common factor of 1899 and 36?
9
Calculate the highest common factor of 91 and 14.
7
Calculate the greatest common divisor of 8591 and 22.
11
What is the greatest common factor of 27 and 1431?
27
Calculate the highest common divisor of 910 and 208.
26
Calculate the highest common divisor of 72 and 14136.
24
What is the highest common factor of 26 and 2015?
13
Calculate the greatest common divisor of 17 and 85.
17
What is the highest common factor of 27657 and 63?
63
Calculate the highest common factor of 144 and 1452.
12
What is the greatest common factor of 1222 and 78?
26
Calculate the highest common factor of 192 and 40.
8
What is the greatest common factor of 72 and 90?
18
Calculate the highest common factor of 3 and 164.
1
What is the greatest common divisor of 5475 and 300?
75
Calculate the greatest common divisor of 13661 and 38.
19
What is the greatest common divisor of 65 and 1950?
65
Calculate the greatest common factor of 21185 and 285.
95
What is the greatest common divisor of 1162 and 83?
83
Calculate the highest common factor of 35 and 1169.
7
What is the highest common factor of 3638 and 102?
34
Calculate the greatest common divisor of 24 and 15.
3
What is the greatest common divisor of 918 and 54?
54
Calculate the greatest common divisor of 24 and 648.
24
What is the greatest common divisor of 1072 and 128?
16
What is the greatest common divisor of 60 and 6060?
60
What is the greatest common factor of 338 and 286?
26
What is the highest common factor of 32 and 2272?
32
What is the highest common divisor of 32 and 72?
8
Calculate the highest common factor of 136 and 527.
17
What is the greatest common divisor of 56 and 104552?
56
What is the highest common factor of 1722 and 84?
42
Calculate the highest common factor of 45 and 72.
9
What is the greatest common factor of 629 and 37?
37
Calculate the greatest common factor of 312 and 15.
3
What is the greatest common factor of 312 and 336?
24
What is the greatest common divisor of 220 and 80?
20
What is the greatest common divisor of 380 and 7505?
95
Calculate the highest common factor of 73413 and 27.
27
What is the highest common divisor of 2135 and 21?
7
What is the greatest common factor of 649 and 11?
11
What is the greatest common divisor of 264 and 696?
24
Calculate the highest common divisor of 54 and 6.
6
What is the greatest common factor of 50 and 30?
10
What is the greatest common divisor of 22 and 5764?
22
Calculate the greatest common divisor of 96 and 120.
24
What is the greatest common factor of 50 and 2175?
25
What is the greatest common factor of 17 and 544?
17
What is the greatest common factor of 303 and 6?
3
Calculate the highest common divisor of 34 and 391.
17
Calculate the greatest common factor of 102 and 1394.
34
What is the greatest common divisor of 2280 and 440?
40
Calculate the highest common factor of 1304 and 216.
8
Calculate the greatest common factor of 799 and 17.
17
Calculate the highest common factor of 8 and 88.
8
What is the highest common factor of 1027 and 13?
13
Calculate the greatest common divisor of 4879 and 5453.
287
Calculate the highest common factor of 7 and 7490.
7
What is the greatest common factor of 1144 and 5?
1
Calculate the greatest common factor of 44 and 792.
44
Calculate the highest common factor of 335 and 2814.
67
Calculate the greatest common divisor of 606 and 12.
6
What is the greatest common factor of 646 and 38?
38
What is the greatest common factor of 756 and 84?
84
Calculate the highest common factor of 2231 and 69.
23
Calculate the greatest common divisor of 35 and 90.
5
What is the greatest common divisor of 2416 and 151?
151
What is the highest common factor of 4797 and 936?
117
What is the highest common divisor of 528 and 2552?
88
Calculate the greatest common divisor of 22 and 154.
22
Calculate the greatest common divisor of 4725 and 175.
175
What is the greatest common divisor of 1479 and 153?
51
What is the greatest common factor of 36 and 234?
18
What is the highest common factor of 2175 and 25?
25
What is the greatest common factor of 75 and 3?
3
What is the greatest common factor of 36 and 4374?
18
What is the greatest common divisor of 50 and 425?
25
What is the highest common divisor of 3094 and 3458?
182
What is the highest common divisor of 3458 and 56?
14
Calculate the highest common divisor of 3108 and 108.
12
What is the greatest common divisor of 168 and 273?
21
What is the greatest common factor of 42 and 1281?
21
What is the highest common factor of 84 and 1869?
21
What is the highest common divisor of 57 and 1311?
57
What is the highest common divisor of 1937 and 169?
13
What is the greatest common divisor of 22 and 550?
22
What is the greatest common divisor of 3640 and 104?
104
Calculate the highest common divisor of 385 and 315.
35
Calculate the greatest common factor of 11387 and 59.
59
What is the greatest common factor of 621 and 138?
69
What is the highest common factor of 198 and 72?
18
What is the greatest common divisor of 40 and 29560?
40
What is the highest common factor of 10201 and 101?
101
What is the highest common factor of 112 and 69